49 - -56?
1592a4
In base 12, what is 28 - -1493?
14bb
In base 12, what is 3a682 - 53?
3a62b
In base 12, what is a87b43 + -5?
a87b3a
In base 6, what is 2425 - 144451?
-142022
In base 7, what is -666160 + -63361?
-1062551
In base 11, what is 0 - 1167580?
-1167580
In base 16, what is -5 + 2bfc58?
2bfc53
In base 15, what is 1c69d + -473?
1c22a
In base 9, what is 3 + -20020183?
-20020180
In base 2, what is 1110111010 - 1011000111011101111?
-1011000101100110101
In base 12, what is 541a7b - -a0?
541b5b
In base 8, what is 3540 - 47232?
-43472
In base 2, what is 110011100000111 + 11101101001011?
1010001001010010
In base 8, what is -3 + 14007530?
14007525
In base 12, what is -12 - -614465?
614453
In base 11, what is 6920 + 64024?
6a944
In base 8, what is 257300621 - 21?
257300600
In base 11, what is -969 - 107806?
-108674
In base 16, what is 13e2 + -3bb?
1027
In base 13, what is 28 - 158c578?
-158c550
In base 6, what is -1 + -252120335?
-252120340
In base 8, what is -44011173 + -4?
-44011177
In base 9, what is 8127 + -57246?
-48118
In base 7, what is 4345 - 114266?
-106621
In base 16, what is -1a61eff7 - 2?
-1a61eff9
In base 6, what is 24542112 + 25?
24542141
In base 14, what is -5 + 3b349b?
3b3496
In base 6, what is 500 - 131244301?
-131243401
In base 10, what is 198 + -237155?
-236957
In base 7, what is 10556 - 62163?
-51304
In base 2, what is 101 - 1111101110001111111110010?
-1111101110001111111101101
In base 11, what is 3a7 + -13674a?
-136353
In base 10, what is 7033007 - 2?
7033005
In base 9, what is -775867 + 332?
-775535
In base 4, what is -100 + 233120103200?
233120103100
In base 13, what is -5 - 357a898?
-357a8a0
In base 12, what is -2 + -47646ba?
-4764700
In base 15, what is -41 - 149bbe1?
-149bc32
In base 6, what is 241521 + 4225?
250150
In base 14, what is -8a93 - -10b?
-8986
In base 8, what is -121162 + 165?
-120775
In base 2, what is 101011100000111010 + -111100011100?
101010100100011110
In base 16, what is -3 - 3612aeb?
-3612aee
In base 2, what is 10 - 111010011010100110111?
-111010011010100110101
In base 5, what is 41 + 124010443?
124011034
In base 13, what is -27 + 11a69?
11a42
In base 5, what is 1344 - -1101422?
1103321
In base 5, what is 13331034 + -2301?
13323233
In base 2, what is -10100110111010100 - -1110101?
-10100110101011111
In base 5, what is 31 - -4201142040?
4201142121
In base 15, what is -a7 + 25da?
2533
In base 4, what is 1012032022233 + 21?
1012032022320
In base 4, what is 2311111 - 210123?
2100322
In base 3, what is -221001 + -222121200222?
-222122122000
In base 11, what is 91054 - -7a?
91123
In base 14, what is -8bd35 + dc2?
-8ad53
In base 16, what is 113c - cd6?
466
In base 8, what is 3 - 24204?
-24201
In base 10, what is 5194 - -276?
5470
In base 10, what is 1306273779 - 0?
1306273779
In base 16, what is 1941804 + 2?
1941806
In base 16, what is -68fbf + -7?
-68fc6
In base 7, what is 256231034 - 2?
256231032
In base 8, what is 472162301 + -1?
472162300
In base 6, what is -2 - -11152240421?
11152240415
In base 15, what is 2e13789 - -1?
2e1378a
In base 8, what is -3335 - 475522?
-501057
In base 9, what is -5 + 305011?
305005
In base 16, what is -c241 - 6ae?
-c8ef
In base 15, what is -4e783aeb + -3?
-4e783aee
In base 7, what is -1600116 - 31?
-1600150
In base 11, what is 8908 + 27471?
35279
In base 5, what is -4431132404 + -10?
-4431132414
In base 2, what is -100 - -1101000111110110000110?
1101000111110110000010
In base 12, what is -a4b - b947?
-10796
In base 12, what is 108098 + 1a83?
109b5b
In base 8, what is -3 - -22347266?
22347263
In base 5, what is 2134040 + 421?
2140011
In base 10, what is -14 + 25426?
25412
In base 12, what is -344 + -198b2?
-1a036
In base 12, what is 39b304 + 46b?
39b773
In base 15, what is -16c382275 + -4?
-16c382279
In base 7, what is -6402646304 + 5?
-6402646266
In base 10, what is 199 - 8648?
-8449
In base 2, what is -111000101001101 + 1001011?
-111000100000010
In base 13, what is -17b488 - 11c?
-17b5a7
In base 10, what is 15 - -722559?
722574
In base 14, what is -2939617 - -5?
-2939612
In base 16, what is 5 - 552ece8?
-552ece3
In base 11, what is 159151a49 - 4?
159151a45
In base 8, what is -3665 + 11623?
5736
In base 6, what is -23133405 + -12?
-23133421
In base 5, what is -3301204 - -2414?
-3243240
In base 15, what is -10c2d8 + -1a?
-10c303
In base 7, what is 245 - 2424351?
-2424103
In base 6, what is 1033540 + 121441?
1155421
In base 2, what is -100100010011011 + -100110011110?
-101001000111001
In base 16, what is -11 + -7954eb?
-7954fc
In base 12, what is -a72062 - 0?
-a72062
In base 6, what is -15355345 + -3?
-15355352
In base 9, what is -3 + -1328267?
-1328271
In base 10, what is -5 + -2511399?
-2511404
In base 2, what is -101 + 1011001101011?
1011001100110
In base 9, what is -1 + 535572081?
535572080
In base 7, what is -161146 + 55625?
-102221
In base 16, what is 2d5d0 - -29?
2d5f9
In base 13, what is -1c5 + -7c?
-274
In base 12, what is 1712a90 + 25?
1712ab5
In base 13, what is 54b - -146?
694
In base 10, what is 51025 - 137?
50888
In base 10, what is 31 - -1865903?
1865934
In base 15, what is -1ba44 + -16e?
-1bbb3
In base 13, what is 561c2 - 95?
5612a
In base 7, what is 3 - 161130464?
-161130461
In base 9, what is -1550 + 1313?
-236
In base 14, what is 126d9a + -a?
126d90
In base 7, what is 4 + 36604261?
36604265
In base 9, what is -76061 + -2375?
-78446
In base 13, what is -b0a58a + -6?
-b0a593
In base 8, what is 177 - -423707?
424106
In base 12, what is 356a5 + 5?
356aa
In base 7, what is 1022 + 24230?
25252
In base 10, what is -25 - 64880?
-64905
In base 13, what is -4b2bc786 - -3?
-4b2bc783
In base 4, what is 121 - -133330232?
133331013
In base 7, what is 3 + -133045125?
-133045122
In base 5, what is -134 + 234142110?
234141421
In base 7, what is -25536 + -6605?
-35444
In base 6, what is -1 - 13450245045?
-13450245050
In base 3, what is 1001210 + 1011121012?
1012122222
In base 9, what is 10 + 365146?
365156
In base 9, what is -4785740 - 11?
-4785751
In base 9, what is 8 - 853383?
-853374
In base 3, what is -220120101 + -100201001?
-1021021102
In base 13, what is 13a - 443045?
-442c08
In base 13, what is 4443 + 976?
50b9
In base 8, what is 1040 + -236215?
-235155
In base 3, what is -1001100202 + 112022?
-1000211110
In base 3, what is 2102101102200 - -20222?
2102101200122
In base 9, what is -13725548 + 4?
-13725544
In base 3, what is -20121101221 - 100?
-20121102021
In base 11, what is -8751 - -3182?
-557a
In base 16, what is 6d - -3208?
3275
In base 8, what is -402551552 - 3?
-402551555
In base 12, what is 1078 - 13b?
b39
In base 12, what is 33375 + 261?
33616
In base 6, what is 3132253 - 24?
3132225
In base 3, what is -10100101112 - 111220?
-10100220102
In base 11, what is 550 - -66151?
666a1
In base 3, what is 21020001 + 110221?
21200222
In base 9, what is -10016163 + 73?
-10016080
In base 7, what is -2 + -334520156?
-334520161
In base 15, what is 187 - 2d7?
-150
In base 10, what is 6 - 12248618?
-12248612
In base 16, what is 493 - 165f0?
-1615d
In base 3, what is 12202102012 + -102020?
12201222222
In base 3, what is 10022111222 - -211?
10022112210
In base 11, what is 37195815 - 2?
37195813
In base 13, what is 2aa85 - -382?
2b137
In base 12, what is 16 + 37592a6?
3759300
In base 14, what is 153 + -1d4?
-81
In base 4, what is -3 + 12323323232?
12323323223
In base 7, what is -30613136 + 2?
-30613134
In base 15, what is 44d - -2c1b?
3169
In base 9, what is 2323788 - -35?
2323834
In base 9, what is 12702 - -1287?
14100
In base 4, what is 11212 + -3133331?
-3122113
In base 15, what is -39d2 - 1bc?
-3b9e
In base 16, what is -60d9c1 + 18?
-60d9a9
In base 3, what is -1111010 - -2022200200?
2021012120
In base 7, what is 3535 + -141415?
-134550
In base 2, what is -10110001111011011 - 1011010111?
-10110011010110010
In base 8, what is -7 + -472365663?
-472365672
In base 7, what is -2614220 - 1212?
-2615432
In base 12, what is 6b4 + -1361?
-869
In base 5, what is -34 + -1111003213?
-1111003302
In base 9, what is 58 - -26650318?
26650377
In base 12, what is -15835a0 - -8?
-1583594
In base 12, what is -3b4307 + 2?
-3b4305
In base 5, what is -3210314 + 1224?
-3204040
In base 14, what is 36673 - -20?
36693
In base 9, what is 5036430 - 0?
5036430
In base 15, what is 1ec77e + -12?
1ec76c
In b